 is the greatest common factor of 4 and 4?
4
Calculate the highest common divisor of 16 and 72.
8
What is the highest common factor of 130 and 1144?
26
Calculate the greatest common factor of 340 and 80.
20
What is the greatest common divisor of 182 and 294?
14
What is the highest common divisor of 78 and 3?
3
What is the greatest common divisor of 184 and 68632?
184
What is the greatest common factor of 2204 and 348?
116
Calculate the highest common factor of 15 and 20.
5
Calculate the highest common divisor of 2080 and 96.
32
Calculate the highest common divisor of 39455 and 65.
65
What is the greatest common divisor of 5033 and 7?
7
Calculate the highest common divisor of 150 and 76425.
75
Calculate the greatest common factor of 98 and 2674.
14
What is the greatest common factor of 40 and 112?
8
Calculate the highest common factor of 48 and 24.
24
What is the greatest common factor of 1030 and 40?
10
What is the greatest common factor of 52 and 1794?
26
Calculate the greatest common factor of 266 and 2869.
19
Calculate the greatest common factor of 9 and 1125.
9
What is the greatest common divisor of 42 and 294?
42
Calculate the highest common divisor of 84 and 24.
12
Calculate the greatest common divisor of 1869 and 84.
21
What is the highest common divisor of 16 and 64?
16
Calculate the greatest common factor of 1370 and 10.
10
What is the greatest common divisor of 36 and 6516?
36
Calculate the greatest common factor of 297 and 66.
33
What is the greatest common factor of 979 and 89?
89
What is the greatest common divisor of 1064 and 112?
56
Calculate the greatest common factor of 2581 and 2225.
89
What is the greatest common factor of 4465 and 47?
47
Calculate the greatest common factor of 165 and 30.
15
What is the highest common factor of 3004 and 4?
4
What is the greatest common divisor of 60 and 150?
30
What is the highest common factor of 6 and 435?
3
What is the greatest common divisor of 33 and 407?
11
What is the greatest common factor of 108 and 405?
27
What is the greatest common factor of 45 and 585?
45
What is the highest common divisor of 570 and 1824?
114
What is the highest common divisor of 84 and 1407?
21
What is the greatest common divisor of 18 and 3114?
18
Calculate the highest common factor of 4939 and 22.
11
Calculate the highest common factor of 133 and 19.
19
What is the greatest common factor of 492 and 156?
12
Calculate the highest common factor of 14214 and 46.
46
Calculate the highest common divisor of 4990 and 10.
10
What is the highest common divisor of 63 and 1827?
63
What is the greatest common divisor of 1066 and 410?
82
What is the highest common factor of 676 and 3?
1
Calculate the highest common factor of 12 and 948.
12
What is the greatest common factor of 52 and 533?
13
What is the highest common factor of 153 and 2312?
17
What is the highest common divisor of 5 and 7?
1
Calculate the highest common factor of 84 and 24.
12
What is the highest common factor of 88 and 144?
8
What is the highest common factor of 393 and 1048?
131
Calculate the highest common divisor of 15 and 405.
15
What is the highest common factor of 70656 and 276?
276
What is the greatest common factor of 13 and 47?
1
What is the greatest common factor of 115 and 46?
23
Calculate the highest common factor of 5 and 281.
1
Calculate the highest common factor of 81 and 15.
3
What is the greatest common factor of 6 and 318?
6
Calculate the greatest common factor of 1848 and 294.
42
What is the highest common factor of 57 and 38?
19
Calculate the highest common divisor of 285 and 5035.
95
What is the greatest common factor of 459 and 34?
17
What is the greatest common divisor of 117 and 99?
9
What is the greatest common factor of 217 and 62?
31
What is the highest common factor of 28 and 1211?
7
What is the greatest common divisor of 76 and 247?
19
Calculate the highest common divisor of 315 and 175.
35
Calculate the greatest common divisor of 27 and 33021.
27
Calculate the highest common factor of 58 and 2842.
58
What is the greatest common factor of 2135 and 35?
35
Calculate the highest common factor of 203 and 145.
29
What is the greatest common divisor of 154 and 44?
22
What is the greatest common factor of 1547 and 1071?
119
What is the greatest common divisor of 3985 and 5?
5
What is the greatest common divisor of 17784 and 36?
36
Calculate the greatest common divisor of 21 and 75.
3
What is the greatest common factor of 536 and 16?
8
Calculate the highest common factor of 220 and 1180.
20
What is the highest common divisor of 14 and 6874?
14
Calculate the highest common factor of 16 and 80.
16
What is the greatest common divisor of 10 and 45?
5
What is the greatest common divisor of 73 and 73?
73
What is the greatest common factor of 21837 and 87?
87
Calculate the highest common divisor of 917 and 14.
7
Calculate the greatest common divisor of 72 and 1062.
18
Calculate the greatest common factor of 1938 and 114.
114
What is the highest common factor of 65 and 1105?
65
What is the greatest common factor of 147 and 471?
3
Calculate the greatest common divisor of 36 and 724.
4
Calculate the highest common divisor of 119 and 85.
17
What is the greatest common divisor of 264 and 14058?
66
What is the greatest common factor of 80 and 5120?
80
What is the highest common factor of 3 and 93?
3
Calculate the highest common factor of 12 and 180.
12
Calculate the greatest common factor of 250 and 1675.
25
What is the greatest common divisor of 160 and 80?
80
What is the greatest common divisor of 749 and 3103?
107
What is the highest common divisor of 64 and 28096?
64
Calculate the highest common divisor of 744 and 24.
24
Calculate the greatest common divisor of 19755 and 45.
45
Calculate the highest common factor of 688 and 48.
16
Calculate the highest common factor of 1 and 151.
1
What is the greatest common factor of 179 and 1611?
179
What is the highest common factor of 553 and 49?
7
What is the greatest common divisor of 57 and 1368?
57
Calculate the highest common factor of 30 and 3340.
10
What is the highest common divisor of 110 and 165?
55
Calculate the greatest common divisor of 533 and 41.
41
What is the greatest common factor of 2057 and 121?
121
Calculate the greatest common divisor of 1485 and 60.
15
Calculate the greatest common factor of 4847 and 262.
131
What is the highest common divisor of 29 and 406?
29
Calculate the greatest common factor of 14027 and 332.
83
Calculate the greatest common factor of 39 and 6877.
13
What is the highest common divisor of 287 and 164?
41
What is the highest common divisor of 1164 and 24?
12
What is the highest common factor of 36 and 2076?
12
What is the highest common factor of 3045 and 210?
105
What is the highest common factor of 18 and 168?
6
Calculate the greatest common divisor of 21 and 651.
21
What is the greatest common divisor of 246 and 6?
6
Calculate the greatest common factor of 50 and 2120.
10
What is the highest common divisor of 75 and 2055?
15
Calculate the highest common factor of 1375 and 20.
5
Calculate the highest common factor of 2220 and 60.
60
What is the highest common divisor of 44 and 1100?
44
Calculate the highest common divisor of 6 and 544.
2
What is the greatest common divisor of 419 and 1?
1
What is the greatest common divisor of 59293 and 13?
13
Calculate the highest common factor of 20 and 1030.
10
Calculate the greatest common divisor of 564 and 12.
12
What is the greatest common factor of 374 and 88?
22
What is the highest common factor of 26 and 923?
13
Calculate the highest common divisor of 8687 and 119.
119
Calculate the greatest common divisor of 126 and 774.
18
Calculate the highest common divisor of 8145 and 45.
45
Calculate the highest common divisor of 16 and 268.
4
Calculate the highest common divisor of 9 and 18.
9
What is the highest common divisor of 8 and 324?
4
What is the greatest common factor of 138 and 621?
69
Calculate the highest common factor of 28 and 19418.
14
Calculate the greatest common divisor of 2494 and 86.
86
What is the greatest common factor of 1592 and 40?
8
What is the greatest common divisor of 63 and 294?
21
What is the greatest common factor of 9 and 45?
9
What is the greatest common factor of 1276 and 352?
44
Wha